{"id":1985,"date":"2020-03-31T02:02:31","date_gmt":"2020-03-31T02:02:31","guid":{"rendered":"https:\/\/cedei.com.co\/?page_id=1985"},"modified":"2025-08-27T14:48:34","modified_gmt":"2025-08-27T14:48:34","slug":"informe-de-gestion-2019-2","status":"publish","type":"page","link":"https:\/\/cedei.com.co\/?page_id=1985","title":{"rendered":"Informe de Gesti\u00f3n 2019"},"content":{"rendered":"<p><a href=\"https:\/\/cedei.com.co\/wp-content\/uploads\/2020\/03\/Informe-de-Gesti\u00f3n-CEDEI-2019.pdf\">Informe de Gesti\u00f3n CEDEI 2019<\/a><\/p>\n<p><a href=\"https:\/\/cedei.com.co\/wp-content\/uploads\/2019\/05\/camara-de-comercio.pdf\" target=\"_blank\" rel=\"noopener noreferrer\">C\u00e1mara de comercio<\/a><br \/>\n<a href=\"https:\/\/cedei.com.co\/wp-content\/uploads\/2019\/05\/Acta-de-Constitucio%CC%81n-CEDEI.pdf\" target=\"_blank\" rel=\"noopener noreferrer\">Acta de Constituci\u00f3n CEDEI<\/a><br \/>\n<a href=\"https:\/\/cedei.com.co\/wp-content\/uploads\/2019\/05\/Estatutos-oficiales-ccc.pdf\" target=\"_blank\" rel=\"noopener noreferrer\">Estatutos-oficiales-ccc<\/a><br \/>\n<a href=\"https:\/\/cedei.com.co\/wp-content\/uploads\/2019\/05\/Certificado-de-antecedentes-de-la-corporacio%CC%81n-y-los-asociados.pdf\" target=\"_blank\" rel=\"noopener noreferrer\">Certificado de antecedentes de la corporaci\u00f3n y los asociados<\/a><br \/>\n<a href=\"https:\/\/cedei.com.co\/wp-content\/uploads\/2019\/05\/Composicio%CC%81n-Equipo.pdf\" target=\"_blank\" rel=\"noopener noreferrer\">Composici\u00f3n Equipo<\/a><br \/>\n<a href=\"https:\/\/cedei.com.co\/wp-content\/uploads\/2019\/05\/Acta-011-Asamblea-Informe-de-Gestio%CC%81n.pdf\" target=\"_blank\" rel=\"noopener noreferrer\">Acta 011 Asamblea Informe de Gesti\u00f3n<\/a><br \/>\n<a href=\"https:\/\/cedei.com.co\/wp-content\/uploads\/2019\/05\/Acta-012-Solicitud-de-permanencia-re%CC%81gimen-especial.pdf\" target=\"_blank\" rel=\"noopener noreferrer\">Acta 012 Solicitud de permanencia r\u00e9gimen especial<\/a><\/p>\n","protected":false},"excerpt":{"rendered":"<p>Informe de Gesti\u00f3n CEDEI 2019 C\u00e1mara de comercio Acta de Constituci\u00f3n CEDEI Estatutos-oficiales-ccc Certificado de antecedentes de la corporaci\u00f3n y los asociados Composici\u00f3n Equipo Acta 011 Asamblea Informe de Gesti\u00f3n Acta 012 Solicitud de permanencia r\u00e9gimen especial<\/p>\n","protected":false},"author":1,"featured_media":0,"parent":351,"menu_order":0,"comment_status":"closed","ping_status":"closed","template":"","meta":{"_genesis_hide_title":false,"_genesis_hide_breadcrumbs":false,"_genesis_hide_singular_image":false,"_genesis_hide_footer_widgets":false,"_genesis_custom_body_class":"","_genesis_custom_post_class":"","_genesis_layout":"","ngg_post_thumbnail":0,"footnotes":""},"_links":{"self":[{"href":"https:\/\/cedei.com.co\/index.php?rest_route=\/wp\/v2\/pages\/1985"}],"collection":[{"href":"https:\/\/cedei.com.co\/index.php?rest_route=\/wp\/v2\/pages"}],"about":[{"href":"https:\/\/cedei.com.co\/index.php?rest_route=\/wp\/v2\/types\/page"}],"author":[{"embeddable":true,"href":"https:\/\/cedei.com.co\/index.php?rest_route=\/wp\/v2\/users\/1"}],"replies":[{"embeddable":true,"href":"https:\/\/cedei.com.co\/index.php?rest_route=%2Fwp%2Fv2%2Fcomments&post=1985"}],"version-history":[{"count":5,"href":"https:\/\/cedei.com.co\/index.php?rest_route=\/wp\/v2\/pages\/1985\/revisions"}],"predecessor-version":[{"id":3803,"href":"https:\/\/cedei.com.co\/index.php?rest_route=\/wp\/v2\/pages\/1985\/revisions\/3803"}],"up":[{"embeddable":true,"href":"https:\/\/cedei.com.co\/index.php?rest_route=\/wp\/v2\/pages\/351"}],"wp:attachment":[{"href":"https:\/\/cedei.com.co\/index.php?rest_route=%2Fwp%2Fv2%2Fmedia&parent=1985"}],"curies":[{"name":"wp","href":"https:\/\/api.w.org\/{rel}","templated":true}]}}