{"id":252,"date":"2019-03-30T17:16:16","date_gmt":"2019-03-30T17:16:16","guid":{"rendered":"https:\/\/cedei.com.co\/wp\/?page_id=252"},"modified":"2024-01-14T16:11:54","modified_gmt":"2024-01-14T16:11:54","slug":"desarrollo-humano-y-social","status":"publish","type":"page","link":"https:\/\/cedei.com.co\/?page_id=252","title":{"rendered":"Desarrollo"},"content":{"rendered":"<p>Desarrollo Humano y Social<\/p>\n<p>En este eje se desarrollan las acciones de incidencia directa con las personas y los grupos humanos; a trav\u00e9s de la implementaci\u00f3n del <strong>Modelo CEDEI<\/strong> para el desarrollo integral de la persona.<\/p>\n<p>El trabajo de los facilitadores de <strong>CEDEI<\/strong> se dirige a diferentes contextos (educativos, comunitarios, organizaciones no gubernamentales, entidades estatales, entre otros) y a diferentes grupos poblacionales (primera infancia, ni\u00f1ez, adolescencia, juventud, adultez tard\u00eda, mujeres, necesidades educativas especiales, entre otros).<\/p>\n<hr>\n<p><strong>Algunas de nuestra acciones en este eje<\/strong>:<\/p>\n<ul>\n<li><a href=\"https:\/\/cedei.com.co\/?page_id=2516\"><strong>Programa GIROS<\/strong><\/a>: para la atenci\u00f3n y estimulaci\u00f3n a la primera infancia y la ni\u00f1ez.<\/li>\n<li><strong>Programa PODEMOS<\/strong>: Desarrollo de Base con enfoque de desarrollo local.<\/li>\n<li><strong>Vive \u2013 Puerto Rey<\/strong><\/li>\n<li><strong>Comunidades que Educan<\/strong>.<\/li>\n<li><strong>RE-CREANDO<\/strong>: Desarrollo integral para ni\u00f1os y ni\u00f1as \u2013 Jornada complementaria.<\/li>\n<li><strong>EADE<\/strong>: Acompa\u00f1amiento a rectores de IE Oficiales en 5 departamentos de Colombia.<\/li>\n<li><strong>PAJA<\/strong>: Proceso de Acompa\u00f1amiento a J\u00f3venes Artistas.<\/li>\n<li><strong>La M\u00e1quina de los Sue\u00f1os<\/strong>.<\/li>\n<\/ul>\n","protected":false},"excerpt":{"rendered":"<p>Desarrollo Humano y Social En este eje se desarrollan las acciones de incidencia directa con las personas y los grupos humanos; a trav\u00e9s de la implementaci\u00f3n del Modelo CEDEI para el desarrollo integral de la persona. El trabajo de los facilitadores de CEDEI se dirige a diferentes contextos (educativos, comunitarios, organizaciones no gubernamentales, entidades estatales, &hellip;<\/p>\n","protected":false},"author":1,"featured_media":0,"parent":2518,"menu_order":0,"comment_status":"closed","ping_status":"closed","template":"","meta":{"_genesis_hide_title":false,"_genesis_hide_breadcrumbs":false,"_genesis_hide_singular_image":false,"_genesis_hide_footer_widgets":false,"_genesis_custom_body_class":"","_genesis_custom_post_class":"","_genesis_layout":"","ngg_post_thumbnail":0,"footnotes":""},"_links":{"self":[{"href":"https:\/\/cedei.com.co\/index.php?rest_route=\/wp\/v2\/pages\/252"}],"collection":[{"href":"https:\/\/cedei.com.co\/index.php?rest_route=\/wp\/v2\/pages"}],"about":[{"href":"https:\/\/cedei.com.co\/index.php?rest_route=\/wp\/v2\/types\/page"}],"author":[{"embeddable":true,"href":"https:\/\/cedei.com.co\/index.php?rest_route=\/wp\/v2\/users\/1"}],"replies":[{"embeddable":true,"href":"https:\/\/cedei.com.co\/index.php?rest_route=%2Fwp%2Fv2%2Fcomments&post=252"}],"version-history":[{"count":14,"href":"https:\/\/cedei.com.co\/index.php?rest_route=\/wp\/v2\/pages\/252\/revisions"}],"predecessor-version":[{"id":3233,"href":"https:\/\/cedei.com.co\/index.php?rest_route=\/wp\/v2\/pages\/252\/revisions\/3233"}],"up":[{"embeddable":true,"href":"https:\/\/cedei.com.co\/index.php?rest_route=\/wp\/v2\/pages\/2518"}],"wp:attachment":[{"href":"https:\/\/cedei.com.co\/index.php?rest_route=%2Fwp%2Fv2%2Fmedia&parent=252"}],"curies":[{"name":"wp","href":"https:\/\/api.w.org\/{rel}","templated":true}]}}