{"id":3068,"date":"2023-09-13T08:44:11","date_gmt":"2023-09-13T08:44:11","guid":{"rendered":"https:\/\/cedei.com.co\/?page_id=3068"},"modified":"2024-04-04T10:15:08","modified_gmt":"2024-04-04T10:15:08","slug":"centro-de-idiomas","status":"publish","type":"page","link":"https:\/\/cedei.com.co\/?page_id=3068","title":{"rendered":"Centro de idiomas"},"content":{"rendered":"<p>Aprende un nuevo idioma de forma f\u00e1cil y natural con los cursos del Centro de Idiomas CEDEI Cartagena.<br \/>\nAvanza profesionalmente aprendiendo <strong>ingl\u00e9s<\/strong> o <strong>franc\u00e9s<\/strong>. <span style=\"color: #ff6600;\"><a style=\"color: #ff6600;\" href=\"https:\/\/docs.google.com\/forms\/d\/e\/1FAIpQLSdcIlEMXKBIwruff_D670JZBEiDPcmJkJzlqPCJZxY_LD1DqA\/viewform\" target=\"_blank\" rel=\"noopener\"><strong>FICHA DE INSCRIPCI\u00d3N<\/strong><\/a><\/span><\/p>\n<p><img loading=\"lazy\" decoding=\"async\" class=\"alignnone wp-image-3501 size-full\" src=\"https:\/\/cedei.com.co\/wp-content\/uploads\/2024\/04\/Centro-de-idiomas-2.jpg\" alt=\"\" width=\"1080\" height=\"789\" srcset=\"https:\/\/cedei.com.co\/wp-content\/uploads\/2024\/04\/Centro-de-idiomas-2.jpg 1080w, https:\/\/cedei.com.co\/wp-content\/uploads\/2024\/04\/Centro-de-idiomas-2-300x219.jpg 300w, https:\/\/cedei.com.co\/wp-content\/uploads\/2024\/04\/Centro-de-idiomas-2-1024x748.jpg 1024w, https:\/\/cedei.com.co\/wp-content\/uploads\/2024\/04\/Centro-de-idiomas-2-768x561.jpg 768w\" sizes=\"(max-width: 1080px) 100vw, 1080px\" \/><\/p>\n<p><strong>Metodologia:<br \/>\n<\/strong>\u2022 Pedagog\u00eda de conversaci\u00f3n activa<br \/>\n\u2022 M\u00e9todo de adquisici\u00f3n natural<\/p>\n<p style=\"text-align: center;\"><em><span style=\"color: #ff6600;\"><strong>\u00a1Es tu oportunidad de aprender!<\/strong><\/span><\/em><\/p>\n<hr>\n<h3>Modalidad<\/h3>\n<p><strong>Standard<br \/>\nDescripci\u00f3n<\/strong>: Curso presencial: <em>2 horas diarias de lunes a viernes<br \/>\n<\/em><strong>Duraci\u00f3n total<\/strong>: <em>12 meses<\/em><br \/>\n<strong>Resultado de aprendizaje<\/strong>: <em>Alcanzar niveles A1, A2, B1, B2<\/em><\/p>\n<p><strong>Acelerado<\/strong><br \/>\n<strong>Standard<\/strong>: <em>Curso presencial: 3 horas diarias de lunes a viernes.<\/em><br \/>\n<strong>Duraci\u00f3n total<\/strong>: <em>9 meses<\/em><br \/>\n<strong>Resultado de aprendizaje<\/strong>: <em>Alcanzar niveles A1, A2, B1, B2<\/em><\/p>\n<p><strong>Intensivo<\/strong><br \/>\n<strong>Descripci\u00f3n<\/strong>: <em>Curso presencial: 4 horas diarias de lunes a viernes.<\/em><br \/>\n<strong>Duraci\u00f3n total<\/strong>: 6 meses<br \/>\n<strong>Resultado de aprendizaje<\/strong>: <em>Alcanzar niveles A1, A2, B1, B2<\/em><\/p>\n<p><strong>Sabatino<\/strong><br \/>\n<strong>Descripci\u00f3n<\/strong>: <em>Curso presencial: 4 horas todos los s\u00e1bados.<\/em><br \/>\n<strong>Duraci\u00f3n total<\/strong>: 18 meses<br \/>\n<strong>Resultado de aprendizaje<\/strong>: <em>Alcanzar niveles A1, A2, B1, B2<\/em><\/p>\n<p style=\"text-align: center;\"><a href=\"https:\/\/docs.google.com\/forms\/d\/e\/1FAIpQLSdcIlEMXKBIwruff_D670JZBEiDPcmJkJzlqPCJZxY_LD1DqA\/viewform\" target=\"_blank\" rel=\"noopener\"><span style=\"color: #ff6600;\"><strong>FICHA DE INSCRIPCI\u00d3N<\/strong><\/span><\/a><\/p>\n<hr>\n<p>Para informaci\u00f3n:<br \/>\ntel\u00e9fono y WhatsApp (+57) 3114143046<br \/>\neMail info@cedei.com.co<\/p>\n<div class=\"notranslate\" style=\"all: initial;\">&nbsp;<\/div>\n","protected":false},"excerpt":{"rendered":"<p>Aprende un nuevo idioma de forma f\u00e1cil y natural con los cursos del Centro de Idiomas CEDEI Cartagena. Avanza profesionalmente aprendiendo ingl\u00e9s o franc\u00e9s. FICHA DE INSCRIPCI\u00d3N Metodologia: \u2022 Pedagog\u00eda de conversaci\u00f3n activa \u2022 M\u00e9todo de adquisici\u00f3n natural \u00a1Es tu oportunidad de aprender! Modalidad Standard Descripci\u00f3n: Curso presencial: 2 horas diarias de lunes a viernes &hellip;<\/p>\n","protected":false},"author":1,"featured_media":0,"parent":0,"menu_order":0,"comment_status":"closed","ping_status":"closed","template":"","meta":{"_genesis_hide_title":false,"_genesis_hide_breadcrumbs":false,"_genesis_hide_singular_image":false,"_genesis_hide_footer_widgets":false,"_genesis_custom_body_class":"","_genesis_custom_post_class":"","_genesis_layout":"","ngg_post_thumbnail":0,"footnotes":""},"_links":{"self":[{"href":"https:\/\/cedei.com.co\/index.php?rest_route=\/wp\/v2\/pages\/3068"}],"collection":[{"href":"https:\/\/cedei.com.co\/index.php?rest_route=\/wp\/v2\/pages"}],"about":[{"href":"https:\/\/cedei.com.co\/index.php?rest_route=\/wp\/v2\/types\/page"}],"author":[{"embeddable":true,"href":"https:\/\/cedei.com.co\/index.php?rest_route=\/wp\/v2\/users\/1"}],"replies":[{"embeddable":true,"href":"https:\/\/cedei.com.co\/index.php?rest_route=%2Fwp%2Fv2%2Fcomments&post=3068"}],"version-history":[{"count":17,"href":"https:\/\/cedei.com.co\/index.php?rest_route=\/wp\/v2\/pages\/3068\/revisions"}],"predecessor-version":[{"id":3502,"href":"https:\/\/cedei.com.co\/index.php?rest_route=\/wp\/v2\/pages\/3068\/revisions\/3502"}],"wp:attachment":[{"href":"https:\/\/cedei.com.co\/index.php?rest_route=%2Fwp%2Fv2%2Fmedia&parent=3068"}],"curies":[{"name":"wp","href":"https:\/\/api.w.org\/{rel}","templated":true}]}}