{"id":413,"date":"2019-03-31T16:32:11","date_gmt":"2019-03-31T16:32:11","guid":{"rendered":"https:\/\/cedei.com.co\/wp\/?page_id=413"},"modified":"2024-01-13T19:00:29","modified_gmt":"2024-01-13T19:00:29","slug":"dabeiba","status":"publish","type":"page","link":"https:\/\/cedei.com.co\/?page_id=413","title":{"rendered":"Dabeiba"},"content":{"rendered":"<h2><span style=\"color: #ff6600;\">DABEIBA<\/span> es un programa para la Educaci\u00f3n, la Protecci\u00f3n y el Empoderamiento de las Mujeres<\/h2>\n<p>Como respuesta al inter\u00e9s de las mujeres que hacemos parte de CEDEI en trabajar de manera directa para lograr la igualdad de g\u00e9nero y la construcci\u00f3n de una realidad m\u00e1s arm\u00f3nica en la que ser hombres, mujeres enriqueciera esa realidad sin determinar el acceso a las oportunidades; pusimos en marcha en 2019 el programa DABEIBA. Nuestra propuesta es la de promover el desarrollo de las capacidades y la autonom\u00eda de las mujeres en condiciones de vulnerabilidad, a trav\u00e9s de la educaci\u00f3n, la protecci\u00f3n y el empoderamiento como sujetas de derecho y ciudadanas activas. La acci\u00f3n del programa DaBEIBA en 2022, gir\u00f3 en torno al proyecto CARDINNA.<\/p>\n<p>Contribuimos al logro de los ODS 4, 10 y 17<\/p>\n<h3>&nbsp;<\/h3>\n<p><strong><span style=\"color: #ff6600;\">CARIDONNA<\/span> \u201cSer Mujer en el Caribe\u201d<\/strong><\/p>\n<p>Este proyecto se enmarca dentro del programa DABEIBA, para la Educaci\u00f3n, la Protecci\u00f3n y el empoderamiento de ni\u00f1as y adolescentes y hace parte de su estrategia de Movilizaci\u00f3n.<br \/>\nMientras trabajabamos en los talleres de movilizaci\u00f3n desarrollados con ni\u00f1as y ni\u00f1os, padres\/madres\/cuidadores, docentes, y actores sociales en las comunidades; redescubrimos aspectos de las representaciones sociales existentes en estos grupos, alrededor del \u201cSer Mujer\u201d. Al interactuar con el pintor italiano Fabio Mati y su trabajo CARIDONNA, se abri\u00f3 la puerta en 2020 para el surgimiento del proyecto.<\/p>\n<p><img loading=\"lazy\" decoding=\"async\" class=\"alignnone size-full wp-image-2868\" src=\"https:\/\/cedei.com.co\/wp\/wp-content\/uploads\/2023\/04\/caridonna-Popa.jpg\" alt=\"\" width=\"1280\" height=\"421\" srcset=\"https:\/\/cedei.com.co\/wp-content\/uploads\/2023\/04\/caridonna-Popa.jpg 1280w, https:\/\/cedei.com.co\/wp-content\/uploads\/2023\/04\/caridonna-Popa-300x99.jpg 300w, https:\/\/cedei.com.co\/wp-content\/uploads\/2023\/04\/caridonna-Popa-1024x337.jpg 1024w, https:\/\/cedei.com.co\/wp-content\/uploads\/2023\/04\/caridonna-Popa-768x253.jpg 768w\" sizes=\"(max-width: 1280px) 100vw, 1280px\" \/><\/p>\n<h3>Noticias Recientes:<\/h3>\n<p class=\"entry-title\"><a href=\"https:\/\/cedei.com.co\/voces-de-la-comunidad-de-santa-ana-en-la-muestra-caridonna-ser-mujer-en-el-caribe\/\">Voces de la comunidad de Santa Ana en la muestra CARIDONNA <\/a><br \/>\n<a href=\"https:\/\/cedei.com.co\/inauguran-exposicion-caridonna-ser-mujer-en-el-caribe-en-santa-ana\/\">Inauguran exposici\u00f3n \u2018CariDonna: ser mujer en el Caribe\u2019, en Santa Ana<\/a><br \/>\n<a href=\"https:\/\/cedei.com.co\/confiamos-suficientemente-en-el-liderazgo-de-las-mujeres\/\">\u00bfConfiamos suficientemente en el liderazgo de las mujeres?<\/a><\/p>\n<h3>&nbsp;<\/h3>\n<h3><span style=\"color: #000000;\">Impacto<\/span><\/h3>\n<p>300 ni\u00f1as y adolescentes para 2022<br \/>\n150&nbsp; familias<br \/>\n3 Instituciones Educativas<br \/>\n30 docentes<br \/>\n15 Organizaciones sociales&nbsp;<\/p>\n<p>&nbsp;<\/p>\n<h3><span style=\"color: #000000;\">Budget<\/span><\/h3>\n<p>USD 180.000 para tres a\u00f1os<\/p>\n<p>&nbsp;<\/p>\n<h2 style=\"text-align: left;\"><span style=\"color: #000000;\">Apoya el programa <span style=\"color: #ff6600;\">DABEIBA<\/span><\/span><\/h2>\n<h4>Aportes mediante transferencia bancaria a:<\/h4>\n<p>Banco Caja Social, Cuenta de Ahorros 24039941554<br \/>\nCorporaci\u00f3n CEDEI NIT. 900327977-1<\/p>\n<h4>Donaciones internacionales:<\/h4>\n<p>Banco Intermediario: Citibank New york USA<br \/>\nSWIFT COD: CITIUS33<br \/>\nABA COD: 021000089<br \/>\nBanco pagador: Banco Caja Social<br \/>\nCuenta en Citibank New York 36020185<br \/>\nSWIFT COD: CASOCOBB<\/p>\n","protected":false},"excerpt":{"rendered":"<p>DABEIBA es un programa para la Educaci\u00f3n, la Protecci\u00f3n y el Empoderamiento de las Mujeres Como respuesta al inter\u00e9s de las mujeres que hacemos parte de CEDEI en trabajar de manera directa para lograr la igualdad de g\u00e9nero y la construcci\u00f3n de una realidad m\u00e1s arm\u00f3nica en la que ser hombres, mujeres enriqueciera esa realidad &hellip;<\/p>\n","protected":false},"author":1,"featured_media":0,"parent":77,"menu_order":0,"comment_status":"closed","ping_status":"closed","template":"","meta":{"_genesis_hide_title":false,"_genesis_hide_breadcrumbs":false,"_genesis_hide_singular_image":false,"_genesis_hide_footer_widgets":false,"_genesis_custom_body_class":"","_genesis_custom_post_class":"","_genesis_layout":"","ngg_post_thumbnail":0,"footnotes":""},"_links":{"self":[{"href":"https:\/\/cedei.com.co\/index.php?rest_route=\/wp\/v2\/pages\/413"}],"collection":[{"href":"https:\/\/cedei.com.co\/index.php?rest_route=\/wp\/v2\/pages"}],"about":[{"href":"https:\/\/cedei.com.co\/index.php?rest_route=\/wp\/v2\/types\/page"}],"author":[{"embeddable":true,"href":"https:\/\/cedei.com.co\/index.php?rest_route=\/wp\/v2\/users\/1"}],"replies":[{"embeddable":true,"href":"https:\/\/cedei.com.co\/index.php?rest_route=%2Fwp%2Fv2%2Fcomments&post=413"}],"version-history":[{"count":11,"href":"https:\/\/cedei.com.co\/index.php?rest_route=\/wp\/v2\/pages\/413\/revisions"}],"predecessor-version":[{"id":3199,"href":"https:\/\/cedei.com.co\/index.php?rest_route=\/wp\/v2\/pages\/413\/revisions\/3199"}],"up":[{"embeddable":true,"href":"https:\/\/cedei.com.co\/index.php?rest_route=\/wp\/v2\/pages\/77"}],"wp:attachment":[{"href":"https:\/\/cedei.com.co\/index.php?rest_route=%2Fwp%2Fv2%2Fmedia&parent=413"}],"curies":[{"name":"wp","href":"https:\/\/api.w.org\/{rel}","templated":true}]}}